) = n + 343. What are the prime factors of t(4)?
347
Suppose 0 = -2*o, -3*x - o = x. Suppose x*p = 2*p - 18. List the prime factors of ((-108)/(-8))/p*(-678)/(-9).
113
Let u(o) = 2382*o - 364. List the prime factors of u(5).
2, 23, 251
Let g(c) = -6 + 2 - 3*c + 15 + 9*c**2 + 4. Let a be g(3). Suppose 4*t + a = j + t, 5*t = -4*j + 365. List the prime factors of j.
2, 3, 5
Let g(l) = -l**3 - 2*l**2 + 9*l + 5. Let r be g(-4). What are the prime factors of 7/(-21)*(113*-26 + r)?
11, 89
Let n(k) = 2229*k + 1853. List the prime factors of n(11).
2, 19, 347
Let c be (((-125)/(-10))/5)/((-15)/(-12)). Suppose c*u = -9*u + 3949. List the prime factors of u.
359
Let y = -15529 - -29655. List the prime factors of y.
2, 7, 1009
Suppose -2*l - 5*z = -6*z - 4, -3*z - 12 = 0. Suppose l = 644*s - 647*s + 4248. List the prime factors of s.
2, 3, 59
Let y be (-4 - -30 - -2)*2/4. Let x(b) = -b**3 + 18*b**2 - 11*b + 10. What are the prime factors of x(y)?
2, 5
Let x(f) = 69*f - 7. Let p be x(2). Suppose -2*z - h - 19 = -p, -5*h - 136 = -2*z. Suppose 17 = -5*m + 4*s + z, -4*s = -4. What are the prime factors of m?
3
List the prime factors of 4383624/609 + 2 + (-240)/116.
2, 59, 61
Let j be (-2)/(3/(1 - 34)). Suppose 0 = -j*o + 11*o + 5522. What are the prime factors of o?
2, 251
Let l(o) = 2*o**2 + 34*o - 40. Let y be l(-18). Let n(p) = 21*p**2 + 7*p + 13. What are the prime factors of n(y)?
3, 107
Let m(y) be the first derivative of y**3/3 - 9*y**2/2 + 11*y - 61. List the prime factors of m(-10).
3, 67
Let k(o) = 4*o - 1. Let p(d) = -2*d - 17. Let b be p(-9). Let q be k(b). Suppose 19 = -3*h + q*t + 109, 4*t + 91 = 3*h. What are the prime factors of h?
29
Let m be (-240)/150 - 4/10. Let n(q) = -182*q - 25. What are the prime factors of n(m)?
3, 113
Let y = 23 - 8. Let n be -16*y/(-6) - -4. Suppose 2*v + n = 6*v. What are the prime factors of v?
11
Suppose 11*k = 9 + 24. What are the prime factors of k/(-7) - 4356*12/(-56)?
3, 311
Suppose -925*s + 3476017 = -109*s - 65032079. List the prime factors of s.
2, 139, 151
Suppose -i - 9336 + 606 = -o, 2*i - 8742 = -o. What are the prime factors of o?
2, 11, 397
Suppose -142*l = -38*l - 2108808. List the prime factors of l.
3, 751
Let u(c) = 1557*c - 450. List the prime factors of u(7).
3, 43
Let h be 8/((-10)/(-12) - (-30)/(-20)). Let u = h + 15. Suppose -r - 34 = -5*i - u*r, 4*i = r + 35. What are the prime factors of i?
2
Suppose d = -4*c + 925, 0 = -2*d + 4*d + 3*c - 1845. Suppose -3*u - r = -d, 614 = 2*u + 4*r - 9*r. Let y = u - 145. List the prime factors of y.
2, 3
Suppose -c - 11243 = -4*l, 0 = -4*c + 9 + 11. List the prime factors of l.
2, 19, 37
Let n = 5117 - 1552. List the prime factors of n.
5, 23, 31
Let o(g) = 2*g**3 - g**2 + 9*g + 566. Let k be o(0). Let f = k + 332. What are the prime factors of f?
2, 449
Let a be (-255)/(-34)*(-16)/(-60). Suppose 2*i + 2742 = a*u - 258, -u + 1520 = -5*i. List the prime factors of u.
5, 13, 23
Let d = 38120 + -22331. List the prime factors of d.
3, 19, 277
List the prime factors of (116946/1971)/((-1)/(-420)).
2, 5, 7, 89
Let d(o) = 11*o**3 + 3*o**2 - 11*o + 29. Let t be 11 - (8/4 - -5). List the prime factors of d(t).
11, 67
Let u(t) be the second derivative of t**3/6 + 2*t**2 + 3*t. Let x be u(3). List the prime factors of (-332)/(-28) - (-1)/x.
2, 3
Let t = -32 + 34. Suppose -5*w + 7*v = 2*v - 85, t*v - 34 = -2*w. Suppose -4*u + 2*d - 5*d = -w, 2*u - 8 = -2*d. What are the prime factors of u?
5
List the prime factors of -4 - (1 - 1) - (-11275 + 158).
11113
Let g(b) be the first derivative of -b**4/4 - b**3/3 - b**2 - 3*b + 7. Let i be g(-2). Suppose 147 + 63 = i*y. What are the prime factors of y?
2, 3, 7
Suppose -137*h - 257905 + 938796 + 593620 = 0. What are the prime factors of h?
3, 7, 443
Suppose 0 = -2*x - 3*c + 53523, x - 5*x + 107025 = 3*c. What are the prime factors of x?
3, 37, 241
Let r(l) be the second derivative of l**5/20 - 23*l**4/12 - 3*l**3 - 7*l**2 - 2*l. Let z = 387 - 363. What are the prime factors of r(z)?
2, 5, 13
What are the prime factors of (-37*501)/(((-9)/(-20))/((-165)/275))?
2, 37, 167
Let a(g) = 22*g**2 + 39*g + 220. Let k be 594/(-90) - 8/20. List the prime factors of a(k).
5, 41
Suppose -1627*f + 1629*f - 46481 = 2779. What are the prime factors of f?
2, 3, 5, 821
Suppose -23*j - 474042 = -66*j - 39*j. List the prime factors of j.
3, 41, 47
List the prime factors of 2/((23/(-994106))/((-4)/16)).
21611
Let b(n) be the first derivative of n**3/3 + 5*n**2 + 25*n - 37. Let g be b(-7). Let r(v) = 2*v**3 + 5*v**2 + 8*v - 19. What are the prime factors of r(g)?
13, 17
Let l be -5*2/(-35) + 159/7. Suppose 0 = t + l - 293. List the prime factors of t.
2, 3, 5
Suppose -4*l = -2*k - 40568, l + 33*k - 35*k = 10151. What are the prime factors of l?
10139
List the prime factors of (-27 - (-20 + 3)) + 8139.
11, 739
Let x(j) = j**2 + 25*j + 158. Let n be x(-11). Suppose 0 = -4*m + 12, 5*u + n*m + m - 1770 = 0. What are the prime factors of u?
3, 13
Let a(n) = -6*n - 56. Let c be a(-15). Suppose c*q - 24657 = -3883. List the prime factors of q.
13, 47
Suppose 0 = 779*t - 761*t - 785988. List the prime factors of t.
2, 7, 3119
Let q = 117 + -116. Let j be 124 - q/2*10. Suppose -13*g + j = -2299. What are the prime factors of g?
2, 3, 31
Let c(r) = -7*r - 91. Let v be c(-13). Suppose v = -31*y + 10003 + 3637. List the prime factors of y.
2, 5, 11
Let w(i) = 29*i - 4. Let t(m) = 29*m - 3. Let q(u) = -u. Let z be q(-2). Let x(k) = z*w(k) - 3*t(k). What are the prime factors of x(-1)?
2, 3, 5
Let r be (-6)/(-14) + 3/(63/(-30)). Let g be 165*(-4)/(-20)*(23 + r). Suppose -3*v - g = -4*u, 0 = 6*u - 5*u + 2*v - 176. List the prime factors of u.
2, 3, 5
Let i(q) = q**2 - 7*q + 5. Let u(n) = 0*n**2 - 263*n + n**2 + 262*n - 1. Let d(r) = -i(r) + 2*u(r). List the prime factors of d(-10).
43
List the prime factors of -3*(1/1)/((-96)/896).
2, 7
Suppose -29*b + 9508 = -24*b + 3*v, -5*b = 5*v - 9500. What are the prime factors of b?
2, 7, 17
Let i = 568 + -533. Let z = 635 + -423. List the prime factors of 2 + i/(-5) + z.
3, 23
Let a(f) = -2580*f - 2857. List the prime factors of a(-9).
7, 2909
Let f = 55 + -51. Let u be (0/((-12)/(-4)))/(-3). Suppose -t + 227 = f*l - 199, -3*l - 4*t + 326 = u. What are the prime factors of l?
2, 53
Let b(a) = -30*a + 44. Let q = 50 - 59. What are the prime factors of b(q)?
2, 157
List the prime factors of (-536)/603 - 237300/(-27).
2, 13
Suppose -16465 = 14*s - 73711. What are the prime factors of s?
3, 29, 47
Suppose 88*l - 678775 = 249713. What are the prime factors of l?
3, 3517
Let t be (-6 + 0)*18/(-27). Suppose t*p = -8 + 16. Suppose 0 = p*m + 10 - 326. What are the prime factors of m?
2, 79
Suppose 5*q - 22 = 2*l, -4*l - 2 = 2. Let g(s) = s + 0*s + 8*s + 22 - 2*s. What are the prime factors of g(q)?
2, 5
Suppose 5*w + 23 - 129 = l, -5*w + 430 = -5*l. Let u = -272 - -411. Let p = u + l. What are the prime factors of p?
2, 29
What are the prime factors of 18/(-66) - 32626104/(-462)?
70619
Suppose -w = k + 4*w - 35, 5*k = w + 45. Suppose 2*c = -2*q + k, c - 19 + 2 = 3*q. List the prime factors of -1*c*((-122)/8)/1.
2, 61
Let o be (-8)/(-6)*-3*22/(-8). Let a = 14 - o. Suppose a*u + 5*h - 341 = 0, 10*u + h - 605 = 5*u. What are the prime factors of u?
2, 61
Suppose c + 5*w - 52 = -c, 78 = 3*c - 4*w. Let g(k) = 12*k - 29. List the prime factors of g(c).
283
Suppose -69*h + 29*h + 30144 = -34*h. What are the prime factors of h?
2, 157
Suppose 3034*i - 6450 = 3019*i. What are the prime factors of i?
2, 5, 43
Suppose -13*f + 5*f + 3632 = 0. Suppose v - 317 = -3*w, 3*v - 509 = 3*w + f. List the prime factors of v.
2, 5
Let j be (-1)/3 + (-74)/(-6). Suppose l = -3*w - 3 - 2, -4*l - 4*w + j = 0. Suppose -3*a - 4*b = -101, l = -a + b + 36. List the prime factors of a.
31
Suppose -842 = -9*w + 184. Suppose -4*u + w + 450 = 0. What are the prime factors of u?
3, 47
Suppose 3*t + 2 = 4*t. Suppose -16 - t = -u. Let p = u + -2. List the prime factors of p.
2
Suppose 0 = 12*c - 2*i - 7030, 16*c - 4*i = 12*c + 2340. What are the prime factors of c?
2, 293
List the prime factors of (205 + -199 + 12806/6)*(18 - 3).
5, 6421
Let d be 2/(-6) + (-256)/(-48). Suppose -d*k - 144 - 68 = -2*l, 4*l + 206 = -5*k. Let u = -37 - k. List the prime factors of 